
What is the thousands digit of (-5077728)/(-576) + 3/2?
8
Let c be ((-824)/(-6))/(4 - 102/27). Suppose c + 392 = -10*b. Let a = -60 - b. What is the tens digit of a?
4
Let g(l) = -68*l + 76. Let a(x) = -204*x + 230. Let k(z) = 5*a(z) - 16*g(z). What is the tens digit of k(14)?
8
Suppose 5*h + b - 110440 = 0, -7*h + 17942 = -5*b - 136706. What is the units digit of h?
9
Let i(f) = -18*f + 112. Let u be i(6). What is the thousands digit of -4 + (-152400)/(-102) + u/(-34)?
1
Let m(t) = 4*t + 27*t**3 - 13 + 7 + t**2 - 3 + t**2. What is the units digit of m(2)?
3
Let z be (-2)/(-4)*(26 - 22). Let j be 0/((-21)/7 + z/1). Suppose 3*v - 227 - 250 = j. What is the hundreds digit of v?
1
Let v = -7 + 7. Suppose 5*h - 20 = v, -h - 4 - 2 = y. What is the units digit of (-672)/y - (4/10)/2?
7
Let c = 24875 - 1521. What is the thousands digit of c?
3
Suppose 0 = -i + q + 2*q + 9, -4*q + 1 = 3*i. Suppose 0 = 2*r + 2*r + 12, l = i*r + 315. What is the tens digit of l?
0
Suppose 181*m - 182492 + 817872 = 201*m. What is the hundreds digit of m?
7
Let j(m) be the second derivative of 3*m**4/2 - 2*m**3/3 + m**2 - 10*m - 3. What is the tens digit of j(-5)?
7
Suppose 6 - 6 = 7*r. Suppose w + 7 = n, -5*n = -r*n + 3*w + 5. Suppose 3*h = -3*g + 3, 0*g + n = 2*h + 3*g. What is the units digit of h?
1
Let z(c) = c**3 + 42*c**2 - 85*c + 485. What is the tens digit of z(-39)?
6
Let j(b) = 10*b + 12. Suppose -2*h - 55 = -41. Let t(k) = k**3 + 6*k**2 - 7*k + 7. Let s be t(h). What is the units digit of j(s)?
2
Suppose 0 = 4*d + 2*b - 3*b - 115, -4*b = 2*d - 80. Suppose 247 = i + d. What is the units digit of (i/(-14))/((-2)/12)?
3
What is the thousands digit of (-8 - -5) + 3 + 1 + 59824?
9
Suppose -5*r = -a - 58, 4*r - 36 = a + 10. Suppose -3*z = -7*z - r. What is the units digit of z/9 - (-67)/3?
2
Let g(k) = -9*k - 16. Let o be g(-9). Let v = -57 + o. Suppose 0*r + 776 = v*r. What is the units digit of r?
7
Let z = -2655 - -41238. What is the thousands digit of z?
8
Suppose -4*g + 12*g - 75720 = 0. What is the thousands digit of g?
9
Let c(n) = -14*n**3 + 2*n + 7. Let h be c(-12). Suppose -40285 = 5*z + 3*w, 5*z - h = 8*z + w. What is the tens digit of z/(-100) + (-2)/(-5)?
8
Suppose -71*t + 123061 + 46229 = 43*t. What is the units digit of t?
5
Let a(s) = s**2 - 22*s - 137. Let d be a(-5). What is the tens digit of 504 + d - (3 + 2)?
9
Suppose -3*u - 11116 = -c + 4456, 5*u = -5*c + 77860. What is the ten thousands digit of c?
1
Suppose -3*j + 99 = k, 2*j - j + 257 = 3*k. Suppose -5*g + 46 = 2*i, g - 82 = -8*i + 5*i. Suppose -s = -k + i. What is the tens digit of s?
5
Suppose 3*l - 3244 = -4*x, -275 - 810 = -l - 5*x. Let b(y) = 3*y + 51. Let r be b(-17). Suppose 12*m = -r*m + l. What is the units digit of m?
0
Suppose -2*d + 0*d + 29 = -v, -2*v = -3*d + 43. Suppose -d*r = -7*r - 1936. What is the units digit of r?
2
Suppose 8*q + 2*u - 3231 = 3*q, 2*q - 5*u - 1304 = 0. Let v = q + -187. What is the tens digit of v?
6
Suppose 3113 = -5*x - 2202. Let g = x - -2101. What is the tens digit of g?
3
Let a(h) = 70*h - 694. What is the units digit of a(21)?
6
Let d = 207 - 204. What is the units digit of d - ((-24)/(-2))/6?
1
Suppose -1255018 = 49*z - 95*z. What is the hundreds digit of z?
2
Suppose -2*w - 1195 = 5*n + w, 0 = -5*w - 0*w. Let y(v) = -3*v**3 + 6*v**2 - 3*v + 9. Let s be y(6). Let t = n - s. What is the hundreds digit of t?
2
Let d = -3756 - -4692. What is the units digit of d?
6
Let q = 234 - 231. Suppose -q*z - 148 = -4*z - 2*s, 610 = 4*z + 2*s. What is the tens digit of z?
5
What is the hundreds digit of (4 + (-15)/10)*(784*1 + -6)?
9
Suppose -8 = -3*l + 4*r - 13, 2*l - 4*r = -10. Suppose 0*q = -l*z - q + 552, -3*z + 348 = -5*q. What is the hundreds digit of z?
1
Let q be ((-19)/((-285)/222))/((-1)/(-120)). Let p = -980 + q. What is the tens digit of p?
9
Let t = -34 + 5575. What is the thousands digit of t?
5
Let r be -2*9/(-90) + (-2)/10. Suppose 373 = -r*q + q. What is the hundreds digit of q?
3
Suppose 34*a - 475056 = -14766 + 271050. What is the tens digit of a?
1
Suppose 4*s - 222 = -4*z + z, 0 = 5*s - 2*z - 266. Let d = 57 - s. Suppose -3*n = -h - 428, -d*n + 448 = -0*n - 5*h. What is the tens digit of n?
4
Suppose -2*w + 41 + 63 = 0. Suppose -4*v = 15*v - 2*v. Suppose 6*x - 26 - w = v. What is the tens digit of x?
1
Let r = 3571 - -5077. What is the hundreds digit of r?
6
Suppose -45 = -4*q - 5*z, 3*q = 6*q - 3*z. Suppose c = 2*g + 901, 7*g = q*c + 9*g - 4565. What is the hundreds digit of c?
9
Suppose 0 = 4*d - 2*z + 78, -78 - 13 = 3*d + 5*z. Let b = -18 - d. Suppose -b*s = -2*i - 38, -4*s - 3*i + i + 26 = 0. What is the units digit of s?
8
Let w = 1 + 11. Let d(f) = -f**2 + 6*f + 5. Let q be d(w). Let s = 159 + q. What is the tens digit of s?
9
What is the tens digit of 70/(-14) + 9342 + 3?
4
What is the tens digit of 9752 + (6/(-21))/((-2)/(-28))?
4
Suppose 0 = 109*l - 68592 - 63952. What is the thousands digit of l?
1
Suppose 5*c = -4*c + 214430 + 24601. What is the ten thousands digit of c?
2
Suppose -995*n = -991*n - 12. Suppose x + 2*o = 1169, n*x + 1426 = -3*o + 4936. What is the thousands digit of x?
1
Let p be (-6 + (29 - 3))/4. Suppose p*t = -25, -5*o + 2*t + 2029 + 1561 = 0. What is the units digit of o?
6
Let v be (-6477)/(-4)*(-8)/(-2). Suppose 14*n = 2917 + v. What is the hundreds digit of n?
6
What is the units digit of 4149*(-20)/(-15) - -2 - 3?
1
Let h be (-4)/(-26) - (-250)/65. Suppose -3*d = -5*x - 989, 2*x = h*d - 547 - 781. What is the tens digit of d?
3
Suppose -31 = 4*i - 7. What is the units digit of ((-1182)/3)/(i/18)?
2
Let k(v) be the third derivative of v**5/30 + v**4/6 + 5*v**3/6 - 5*v**2. Let d be k(-2). Let h(a) = a**2 - 3*a + 4. What is the units digit of h(d)?
4
Suppose 5*n - 33477 = -10*n + 88083. What is the units digit of n?
4
Let m = 21672 - 14102. What is the tens digit of m?
7
Let f = -981 + 977. Suppose 0*t = -t + 34. What is the tens digit of -8*f/16*t?
6
Suppose 3*i + 5*b = 6511, 3*i = -145*b + 150*b + 6521. What is the hundreds digit of i?
1
Suppose -v = 4*i - 79 + 101, 8 = -2*v + i. Suppose -3*t - 2 - 21 = 2*f, 0 = 4*t + 2*f + 32. What is the units digit of (t/(-6))/(v*(-4)/512)?
2
What is the units digit of (-24708147)/(-1395) - (-2)/30?
2
Let d(g) = -19*g - 57. Suppose 0 = 5*q + 3*z + 86, 5*q = 5*z - 42 - 28. What is the units digit of d(q)?
7
Let t(k) = k**3 + 11*k**2 - 2*k - 19. Let d be t(-11). Suppose -d*p = -4*h - 242 - 173, h - 547 = -4*p. Suppose -5*f - 77 + p = 0. What is the units digit of f?
2
Let f be 3/((-1)/3395*-15). Suppose 841 = o - 5*r + 126, -o + f = 4*r. What is the hundreds digit of o?
6
Let y(p) = -5*p**3 - 3*p**2 + 3*p - 3. Let a be y(2). Let u = 135 - a. What is the tens digit of (-17)/51 + u/3?
6
Let m = 5078 + 2826. What is the units digit of m?
4
Suppose -3*m + 2*g = -1571, -3*m - 2*m - g = -2627. Suppose -f - 4*d = -591, 3*f = 4*d + m + 1216. What is the hundreds digit of f?
5
Suppose 0 = -2*n - 5*r + 40838, 5*n + 79*r = 80*r + 102122. What is the units digit of n?
4
Let r(d) = 8*d - 12. Let g be r(2). Suppose 530 = 3*o - c, 0*o = g*o - 3*c - 700. Suppose -4*q + 5*l - 6*l = -700, -l = q - o. What is the hundreds digit of q?
1
Let o(d) = -9*d**2 + 469*d - 62. What is the hundreds digit of o(37)?
9
Let r(y) = 3*y + 44. Let u be r(0). Let l = u - 17. What is the units digit of l/(-6)*-1*20/6?
5
Let t(f) = 5*f**3 - 4*f**2 + 4*f - 5. Suppose -5*c = 3*i - 27 + 17, -2*i = 4*c - 10. Let p be t(c). Let m = p + -301. What is the hundreds digit of m?
2
Let s(z) = -z**2 - 10*z - 5. Let f(u) = -2*u**2 - 23*u - 10. Let y(a) = -4*f(a) + 7*s(a). What is the hundreds digit of y(-43)?
9
Let x(y) = -265*y + 83. Let g be x(-5). Let f = -679 + g. What is the hundreds digit of f?
7
Let u(h) = -h**3 - 6*h**2 - h + 20. Let n be u(-5). Let v be (n + 19/2)*(15 - 29). Let l = v + 147. What is the tens digit of l?
1
Let n = 15092 + -4259. What is the hundreds digit of n?
8
What is the units digit of (48882/(-24))/(20/(-80))?
7
Let f(g) = -19*g - 2. Let w(m) = 4*m**2 + 2*m + 1. Let y(c) = 7*c**2 + 4*c + 1. Let u(s) = 5*w(s) - 3*y(s). Let o be u(1). What is the units digit of f(o)?
7
What is the tens digit of 212/((-51)/68 - (-274)/344)?
5
Let i(f) = -52*f - 9. Suppose -4*y = -2*z - 14, -3*z = 1 + 2. Let w